t common divisor of 7 and g.
7
Let d = 16045 - 8527. What is the greatest common divisor of 63 and d?
21
Let b be 1 + 2 + 1500/(-420) + (-13934)/(-7). What is the greatest common factor of b and 30?
10
Suppose 0 = -4*i + 39 - 15. Suppose i*l + 100 = 400. Suppose 3*k + 2*j = 898, 4*k - 5*j = 5*k - 295. What is the highest common divisor of k and l?
50
Let a = -124 + 129. Suppose 0 = c - 5*t - 61 + 15, 3*t = -a*c + 146. What is the highest common divisor of c and 93?
31
Suppose 28 - 16 = 2*k. Suppose 0 = -k*t + 2*t - p + 55, -35 = -3*t - 2*p. Calculate the highest common divisor of 33 and t.
3
Let r = -13 - -55. Let k = r + -38. Suppose k*y - 36 = 12. Calculate the greatest common factor of 12 and y.
12
Suppose 0 = 3*n + 64 - 148. Let o(k) = -k**3 - 12*k**2 - 15*k - 8. Let b be o(-11). Suppose -b = -i + n. What is the highest common divisor of 16 and i?
16
Let o = 328 - 326. Suppose -61 = o*v - 111. What is the highest common factor of v and 55?
5
Let r be 0 - 246/(-18) - (-2)/6. Suppose -2648 - 1048 = -11*l. Suppose 3*x + c - 5*c - l = 0, -2*x - c + 224 = 0. What is the greatest common factor of x and r?
14
Let n = -499 + 501. Suppose n*x + 2*o = -o + 411, -995 = -5*x - o. What is the greatest common divisor of 6 and x?
6
Let g be (3 - 91/(-13))*1. What is the highest common factor of g and 640?
10
Let x(t) = -61*t - 2512. Let u be x(-67). Calculate the highest common divisor of u and 150.
75
Suppose -4*u + 20 = -52. Let b(t) = 108*t + 4*t**2 + 94*t - 1 - t**3 - 195*t. Let r be b(4). What is the highest common divisor of u and r?
9
Suppose -3*p - 40 = u - 105, 2*u + 2 = 0. Let q be 512/1 - (-83 - -89). Calculate the highest common divisor of p and q.
22
Let d = -6 - -14. Let j be ((-100)/40)/(5/(-4)). Suppose 12*t = -3*f + 7*t + 167, 143 = j*f - 3*t. What is the greatest common factor of d and f?
8
Let t(l) = l**3 + 6*l**2 - 8*l - 27. Let k be t(-6). Calculate the highest common factor of 511 and k.
7
Suppose -5*w + 1344 - 154 = 0. Suppose 0 = 125*u + 19*u - 242 - 4654. What is the highest common divisor of w and u?
34
Suppose -11861 = -59*f + 6385 - 4735. Calculate the highest common divisor of 2977 and f.
229
Let q(l) = 6*l**3 + 235*l**2 + 24*l + 25. Let b be q(-39). What is the highest common divisor of b and 732?
122
Let x(t) = -3*t + 10. Let a be x(-4). What is the greatest common factor of 1991 and a?
11
Let l(g) = 248*g - 504. Let u be l(8). What is the greatest common divisor of 37 and u?
37
Let d(x) = -x**3 - 46*x**2 + 45*x + 152. Let p be d(-47). What is the greatest common divisor of p and 1107?
123
Let j(h) = 14*h - 55. Suppose 7*y - 11*y + 31 = 5*f, -f = 3*y - 15. Let r be j(y). What is the greatest common factor of r and 19?
1
Suppose -143*y = -121*y - 264. Suppose -g + 2 = 0, 4*z - 3*g - 2 = -68. Let u = z + 27. Calculate the highest common factor of u and y.
12
Let q = 92 - 52. Suppose -2 = 2*k - 12. Suppose 5*d - 2*m - q = 0, d - k = -4*d - 5*m. Calculate the greatest common factor of 102 and d.
6
Let g = 3480 - 3459. Calculate the greatest common divisor of g and 525.
21
Suppose -48*o = 99559 - 251143. What is the greatest common factor of o and 2?
2
Let x be 13/((-39)/(-3501)) - 7. What is the highest common factor of x and 240?
40
Let h = 180 - 175. Suppose 5*m - 7*q = -11*q + 15, -15 = -h*m + 5*q. Calculate the highest common factor of m and 4.
1
Let s = 3 + 112. Let g(c) = 4*c**3 - 141*c**2 + 36*c + 34. Let m be g(35). Calculate the highest common divisor of s and m.
23
Let h(c) = 2*c + 67. Let n be h(-31). What is the highest common factor of n and 3370?
5
Let p(t) = 35*t - 216. Suppose 0 = 65*j - 390 - 195. Let s be p(j). Calculate the greatest common divisor of 165 and s.
33
Suppose 0*y - 282 = -3*y. Let z = -87 + y. Suppose -5 = -4*k + 3*k, -3*b + 2*k = z. Calculate the highest common divisor of 9 and b.
1
Let p = 0 - -10. Suppose -p*i + 397 + 83 = 0. Suppose 4*v - 5*w + 3*w = 256, 2*w = -5*v + 320. Calculate the greatest common divisor of v and i.
16
Let u(f) = 4*f**2 - 10*f. Let k be u(8). Suppose 5*t = -3*t - k. Let r be (4/(-6))/(t/99). What is the highest common factor of r and 57?
3
Let w be (6444/(-895))/(2/(-1410)). Calculate the highest common factor of w and 180.
36
Suppose -3*a + f + 163 = 0, -3*a + 2*a + 45 = 2*f. Let r = 61 - a. Suppose -7*d - d = -r. Calculate the greatest common divisor of 8 and d.
1
Let o(s) = s + 17. Let z be o(-12). Let f = 139 + z. Calculate the greatest common factor of f and 64.
16
Let g(u) = -3*u**2 + 64*u - 17. Let n be g(21). Let q = 54 + -44. Suppose -8 = -q*d + 8*d. Calculate the highest common factor of d and n.
4
Suppose -19691 = -323*z - 3864. What is the highest common divisor of z and 16219?
49
Suppose -174 + 34 = -5*w. Let d = 17233 - 16967. What is the greatest common factor of w and d?
14
Suppose -z - 192 = -4*z. Suppose -2*p - 52 = -2*a, -a - z = 2*p - 0*a. Let j = 39 + p. Calculate the greatest common factor of j and 9.
9
Suppose -2*g - 2*g + 8 = 0. Let q = 801 + -793. Calculate the greatest common factor of g and q.
2
Let a(d) = 165*d - 3588. Let p be a(24). Let m(j) = j**3 - 3*j**2 - 2*j + 4. Let n be m(4). Calculate the highest common divisor of p and n.
12
Let i be (-48)/288 - 1516/(-24). What is the greatest common divisor of 105 and i?
21
Suppose 68*i + 2604 = 41*i + 41*i. Calculate the highest common divisor of i and 9300.
186
Let m be (1127/(-28))/(-3 + (-77)/(-28)). Calculate the highest common divisor of 621 and m.
23
Let b(h) = -4*h + 59. Let f be b(0). Suppose 0 = -25*l + 91 + f. What is the highest common factor of 42 and l?
6
Let j = -125 - -69. Let f = j + 75. Calculate the greatest common divisor of f and 133.
19
Suppose 10 = 2*f - 14. Let d(y) = -383*y - 17139. Let t be d(-45). What is the highest common factor of f and t?
12
Suppose 0 = -3*g - 3*q + 1077, 5*g - 113*q = -117*q + 1801. Calculate the highest common divisor of g and 5.
5
Let o be 4066 + -793 - 3*-3*1. What is the highest common factor of o and 15?
3
Suppose -6*u + 3*u - 5*f + 224 = 0, -560 = -8*u - 4*f. Calculate the highest common factor of u and 4964.
68
Let k be (-4579)/(-76) + 1/(-4). Let t = -68 + 188. Calculate the greatest common factor of t and k.
60
Let l = -2874 - -2912. Calculate the greatest common factor of 3078 and l.
38
Let b be -80*(-4 + (-64)/(-20)). Let a = -64 + b. Suppose 2*r + 2*r - 57 = -h, -4*h + 20 = a. What is the greatest common divisor of 52 and r?
13
Let g be (225/(-3))/((-21)/147). Calculate the highest common factor of g and 30.
15
Let t = 41 + -38. Let u be (-11)/(-22)*4/t*3. Suppose -u*l + 4*l - 349 = -v, 873 = 5*l + 2*v. What is the greatest common divisor of 70 and l?
35
Let x be ((-3)/(-6))/((-3)/(-6462)) - 4. Let p = x - 761. What is the highest common divisor of p and 39?
39
Let w(d) = 5*d**2 - 240*d - 244. Let g be w(73). Calculate the highest common factor of g and 166.
83
Suppose -3*r + 17 - 20 = 0. Let q be 7 + 20 - r*6. Calculate the greatest common factor of 385 and q.
11
Suppose 23 = 5*p + 3. Let b(l) = 14*l + 4. Let j be b(p). Let z = -3 + 39. What is the highest common factor of j and z?
12
Suppose 90 - 140 = -2*w. Let t be 15/(8/1080*9). Calculate the highest common factor of w and t.
25
Let v(y) = 77*y - 177. Let o(l) = 36*l - 89. Let j(w) = 9*o(w) - 4*v(w). Let q be j(6). Let i be 1*(1 - 0)*1. What is the greatest common divisor of q and i?
1
Let u(n) = n**2 + 12*n. Let p be u(-12). Suppose p*f + 4*f - 42 = -2*z, -2*f + 4*z = -16. What is the greatest common factor of 50 and f?
10
Suppose 3*f = -34*x + 29*x - 781, -4*f + 4*x - 1052 = 0. Let i = f + 264. What is the highest common factor of i and 18?
2
Suppose -x = 4*j - 0*x + 1184, j + 5*x = -315. Let p = -277 - j. Calculate the highest common factor of p and 297.
9
Let k be (135/18)/(3/6). Let y(n) = n**2 - 4*n - 7. Let a be y(6). Suppose v + 0*x - 5 = -x, -4*x + a = -v. Calculate the highest common factor of v and k.
3
Let z(f) = f**3 - 2*f**2 - 2*f - 1. Let p be z(5). Suppose 8*q = -0*q + p. What is the highest common factor of q and 8?
8
Suppose -3*n - 209 - 10 = -3*l, 4*l - 247 = -5*n. What is the highest common factor of l and 17?
17
Let u be ((-25806)/(-12) - -2*3)*2. What is the greatest common divisor of 95 and u?
19
Suppose 10*i + 4 - 484 = 0. Suppose -43*c - i = -39*c. Let